{"id":683,"date":"2019-09-28T18:53:10","date_gmt":"2019-09-28T18:53:10","guid":{"rendered":"https:\/\/ctames.ddns.net\/?page_id=683"},"modified":"2020-02-06T22:05:00","modified_gmt":"2020-02-06T22:05:00","slug":"ranking-padel-negreira","status":"publish","type":"page","link":"https:\/\/farinasferro.ddns.net\/index.php\/ranking-padel-negreira\/","title":{"rendered":"RANKING PADEL NEGREIRA"},"content":{"rendered":"\t\t<div data-elementor-type=\"wp-page\" data-elementor-id=\"683\" class=\"elementor elementor-683\">\n\t\t\t\t\t\t<section class=\"elementor-section elementor-top-section elementor-element elementor-element-bd253a5 elementor-section-boxed elementor-section-height-default elementor-section-height-default\" data-id=\"bd253a5\" data-element_type=\"section\" data-e-type=\"section\">\n\t\t\t\t\t\t<div class=\"elementor-container elementor-column-gap-default\">\n\t\t\t\t\t<div class=\"elementor-column elementor-col-100 elementor-top-column elementor-element elementor-element-3bd0ce5\" data-id=\"3bd0ce5\" data-element_type=\"column\" data-e-type=\"column\">\n\t\t\t<div class=\"elementor-widget-wrap elementor-element-populated\">\n\t\t\t\t\t\t<div class=\"elementor-element elementor-element-58a1f9b elementor-widget elementor-widget-heading\" data-id=\"58a1f9b\" data-element_type=\"widget\" data-e-type=\"widget\" data-widget_type=\"heading.default\">\n\t\t\t\t<div class=\"elementor-widget-container\">\n\t\t\t\t\t<h2 class=\"elementor-heading-title elementor-size-default\">Ranking de Padel Negreira CANCELADO<\/h2>\t\t\t\t<\/div>\n\t\t\t\t<\/div>\n\t\t\t\t\t<\/div>\n\t\t<\/div>\n\t\t\t\t\t<\/div>\n\t\t<\/section>\n\t\t\t\t<section class=\"elementor-section elementor-top-section elementor-element elementor-element-d705edb elementor-section-boxed elementor-section-height-default elementor-section-height-default\" data-id=\"d705edb\" data-element_type=\"section\" data-e-type=\"section\">\n\t\t\t\t\t\t<div class=\"elementor-container elementor-column-gap-default\">\n\t\t\t\t\t<div class=\"elementor-column elementor-col-100 elementor-top-column elementor-element elementor-element-7dd1f92\" data-id=\"7dd1f92\" data-element_type=\"column\" data-e-type=\"column\">\n\t\t\t<div class=\"elementor-widget-wrap elementor-element-populated\">\n\t\t\t\t\t\t<div class=\"elementor-element elementor-element-3862c72 elementor-widget elementor-widget-text-editor\" data-id=\"3862c72\" data-element_type=\"widget\" data-e-type=\"widget\" data-widget_type=\"text-editor.default\">\n\t\t\t\t<div class=\"elementor-widget-container\">\n\t\t\t\t\t\t\t\t\t<p>Dado que despu\u00e9s de haber ampliado el plazo para jugar los partidos del mes de diciembre al mes de enero, y estando ya a 6 de febrero, la organizaci\u00f3n, muy a su pesar, se ve obligada a cancelar la competici\u00f3n por la falta de participaci\u00f3n de las parejas, ya que durante el \u00faltimo mes \u00fanicamente se han jugado 2 partidos, y hacer actualizaciones sin resultados se nos hace bastante complicado.<\/p><p>En poco tiempo intentaremos organizar la competici\u00f3n con otro formato que no dependa tanto de la participaci\u00f3n y si del inter\u00e9s de los jugadores.<\/p><p>Nos pondremos en contacto con todos las parejas mediante el correo electr\u00f3nico en cuanto tengamos organizado el nuevo formato.<\/p><p>Un saludo<\/p>\t\t\t\t\t\t\t\t<\/div>\n\t\t\t\t<\/div>\n\t\t\t\t\t<\/div>\n\t\t<\/div>\n\t\t\t\t\t<\/div>\n\t\t<\/section>\n\t\t\t\t<\/div>\n\t\t","protected":false},"excerpt":{"rendered":"<p>Ranking de Padel Negreira CANCELADO Dado que despu\u00e9s de haber ampliado el plazo para jugar los partidos del mes de diciembre al mes de enero, y estando ya a 6 de febrero, la organizaci\u00f3n, muy a su pesar, se ve obligada a cancelar la competici\u00f3n por la falta de participaci\u00f3n de las parejas, ya que [&hellip;]<\/p>\n","protected":false},"author":1,"featured_media":702,"parent":0,"menu_order":0,"comment_status":"closed","ping_status":"closed","template":"","meta":{"footnotes":""},"class_list":["post-683","page","type-page","status-publish","has-post-thumbnail","hentry"],"_links":{"self":[{"href":"https:\/\/farinasferro.ddns.net\/index.php\/wp-json\/wp\/v2\/pages\/683","targetHints":{"allow":["GET"]}}],"collection":[{"href":"https:\/\/farinasferro.ddns.net\/index.php\/wp-json\/wp\/v2\/pages"}],"about":[{"href":"https:\/\/farinasferro.ddns.net\/index.php\/wp-json\/wp\/v2\/types\/page"}],"author":[{"embeddable":true,"href":"https:\/\/farinasferro.ddns.net\/index.php\/wp-json\/wp\/v2\/users\/1"}],"replies":[{"embeddable":true,"href":"https:\/\/farinasferro.ddns.net\/index.php\/wp-json\/wp\/v2\/comments?post=683"}],"version-history":[{"count":0,"href":"https:\/\/farinasferro.ddns.net\/index.php\/wp-json\/wp\/v2\/pages\/683\/revisions"}],"wp:featuredmedia":[{"embeddable":true,"href":"https:\/\/farinasferro.ddns.net\/index.php\/wp-json\/wp\/v2\/media\/702"}],"wp:attachment":[{"href":"https:\/\/farinasferro.ddns.net\/index.php\/wp-json\/wp\/v2\/media?parent=683"}],"curies":[{"name":"wp","href":"https:\/\/api.w.org\/{rel}","templated":true}]}}

<div data-elementor-type="wp-page" data-elementor-id="683" class="elementor elementor-683">
						<section class="elementor-section elementor-top-section elementor-element elementor-element-bd253a5 elementor-section-boxed elementor-section-height-default elementor-section-height-default" data-id="bd253a5" data-element_type="section" data-e-type="section">
						<div class="elementor-container elementor-column-gap-default">
					<div class="elementor-column elementor-col-100 elementor-top-column elementor-element elementor-element-3bd0ce5" data-id="3bd0ce5" data-element_type="column" data-e-type="column">
			<div class="elementor-widget-wrap elementor-element-populated">
						<div class="elementor-element elementor-element-58a1f9b elementor-widget elementor-widget-heading" data-id="58a1f9b" data-element_type="widget" data-e-type="widget" data-widget_type="heading.default">
				<div class="elementor-widget-container">
					<h2 class="elementor-heading-title elementor-size-default">Ranking de Padel Negreira CANCELADO</h2>				</div>
				</div>
					</div>
		</div>
					</div>
		</section>
				<section class="elementor-section elementor-top-section elementor-element elementor-element-d705edb elementor-section-boxed elementor-section-height-default elementor-section-height-default" data-id="d705edb" data-element_type="section" data-e-type="section">
						<div class="elementor-container elementor-column-gap-default">
					<div class="elementor-column elementor-col-100 elementor-top-column elementor-element elementor-element-7dd1f92" data-id="7dd1f92" data-element_type="column" data-e-type="column">
			<div class="elementor-widget-wrap elementor-element-populated">
						<div class="elementor-element elementor-element-3862c72 elementor-widget elementor-widget-text-editor" data-id="3862c72" data-element_type="widget" data-e-type="widget" data-widget_type="text-editor.default">
				<div class="elementor-widget-container">
									<p>Dado que después de haber ampliado el plazo para jugar los partidos del mes de diciembre al mes de enero, y estando ya a 6 de febrero, la organización, muy a su pesar, se ve obligada a cancelar la competición por la falta de participación de las parejas, ya que durante el último mes únicamente se han jugado 2 partidos, y hacer actualizaciones sin resultados se nos hace bastante complicado.</p><p>En poco tiempo intentaremos organizar la competición con otro formato que no dependa tanto de la participación y si del interés de los jugadores.</p><p>Nos pondremos en contacto con todos las parejas mediante el correo electrónico en cuanto tengamos organizado el nuevo formato.</p><p>Un saludo</p>								</div>
				</div>
					</div>
		</div>
					</div>
		</section>
				</div>

<p>Ranking de Padel Negreira CANCELADO Dado que después de haber ampliado el plazo para jugar los partidos del mes de diciembre al mes de enero, y estando ya a 6 de febrero, la organización, muy a su pesar, se ve obligada a cancelar la competición por la falta de participación de las parejas, ya que [&hellip;]</p>
